Last updated on 2022-04-24 03:52:33 CEST.
Flavor | Version | Tinstall | Tcheck | Ttotal | Status | Flags |
---|---|---|---|---|---|---|
r-devel-linux-x86_64-debian-clang | 0.1.9 | 2.41 | 76.94 | 79.35 | OK | |
r-devel-linux-x86_64-debian-gcc | 0.1.9 | 1.93 | 55.30 | 57.23 | OK | |
r-devel-linux-x86_64-fedora-clang | 0.1.9 | 95.74 | NOTE | |||
r-devel-linux-x86_64-fedora-gcc | 0.1.9 | 78.83 | NOTE | |||
r-patched-linux-x86_64 | 0.1.9 | 2.65 | 71.82 | 74.47 | OK | |
r-release-linux-x86_64 | 0.1.9 | 2.14 | 71.33 | 73.47 | OK | |
r-release-macos-arm64 | 0.1.9 | NOTE | ||||
r-release-macos-x86_64 | 0.1.9 | NOTE | ||||
r-release-windows-x86_64 | 0.1.9 | 12.00 | 90.00 | 102.00 | OK | |
r-oldrel-macos-arm64 | 0.1.9 | NOTE | ||||
r-oldrel-macos-x86_64 | 0.1.9 | NOTE | ||||
r-oldrel-windows-ix86+x86_64 | 0.1.9 | 6.00 | 84.00 | 90.00 | OK |
Version: 0.1.9
Check: dependencies in R code
Result: NOTE
Namespace in Imports field not imported from: ‘ggplot2’
All declared Imports should be used.
Flavors: r-devel-linux-x86_64-fedora-clang, r-devel-linux-x86_64-fedora-gcc, r-release-macos-arm64, r-release-macos-x86_64, r-oldrel-macos-arm64, r-oldrel-macos-x86_64