Last updated on 2022-04-24 03:52:33 CEST.
Flavor | Version | Tinstall | Tcheck | Ttotal | Status | Flags |
---|---|---|---|---|---|---|
r-devel-linux-x86_64-debian-clang | 1.8.2 | 15.23 | 135.59 | 150.82 | NOTE | |
r-devel-linux-x86_64-debian-gcc | 1.8.2 | 12.02 | 99.90 | 111.92 | NOTE | |
r-devel-linux-x86_64-fedora-clang | 1.8.2 | 178.18 | NOTE | |||
r-devel-linux-x86_64-fedora-gcc | 1.8.2 | 160.45 | NOTE | |||
r-patched-linux-x86_64 | 1.8.2 | 11.64 | 123.89 | 135.53 | NOTE | |
r-release-linux-x86_64 | 1.8.2 | 12.83 | 118.39 | 131.22 | NOTE | |
r-release-macos-arm64 | 1.8.2 | NOTE | ||||
r-release-macos-x86_64 | 1.8.2 | NOTE | ||||
r-release-windows-x86_64 | 1.8.2 | 24.00 | 137.00 | 161.00 | NOTE | |
r-oldrel-macos-arm64 | 1.8.2 | NOTE | ||||
r-oldrel-macos-x86_64 | 1.8.2 | NOTE | ||||
r-oldrel-windows-ix86+x86_64 | 1.8.2 | 29.00 | 130.00 | 159.00 | NOTE |
Version: 1.8.2
Check: package dependencies
Result: NOTE
Package suggested but not available for checking: 'ggsubplot'
Flavors: r-devel-linux-x86_64-debian-clang, r-devel-linux-x86_64-debian-gcc, r-devel-linux-x86_64-fedora-clang, r-devel-linux-x86_64-fedora-gcc, r-patched-linux-x86_64, r-release-linux-x86_64, r-release-macos-arm64, r-release-macos-x86_64, r-release-windows-x86_64, r-oldrel-macos-arm64, r-oldrel-macos-x86_64, r-oldrel-windows-ix86+x86_64