Last updated on 2022-04-24 03:52:33 CEST.
Flavor | Version | Tinstall | Tcheck | Ttotal | Status | Flags |
---|---|---|---|---|---|---|
r-devel-linux-x86_64-debian-clang | 1.5.3 | 44.09 | 584.30 | 628.39 | OK | |
r-devel-linux-x86_64-debian-gcc | 1.5.3 | 34.46 | 419.59 | 454.05 | OK | |
r-devel-linux-x86_64-fedora-clang | 1.5.3 | 707.83 | OK | |||
r-devel-linux-x86_64-fedora-gcc | 1.5.3 | 703.03 | OK | |||
r-patched-linux-x86_64 | 1.5.3 | 44.22 | 545.15 | 589.37 | OK | |
r-release-linux-x86_64 | 1.5.3 | 39.05 | 539.98 | 579.03 | OK | |
r-release-macos-arm64 | 1.5.3 | NOTE | ||||
r-release-macos-x86_64 | 1.5.3 | OK | ||||
r-release-windows-x86_64 | 1.5.3 | 117.00 | 584.00 | 701.00 | OK | |
r-oldrel-macos-arm64 | 1.5.3 | NOTE | ||||
r-oldrel-macos-x86_64 | 1.5.3 | OK | ||||
r-oldrel-windows-ix86+x86_64 | 1.5.3 | 64.00 | 635.00 | 699.00 | OK |
Version: 1.5.3
Check: installed package size
Result: NOTE
installed size is 5.2Mb
sub-directories of 1Mb or more:
R 2.1Mb
data 2.0Mb
Flavors: r-release-macos-arm64, r-oldrel-macos-arm64