Last updated on 2022-04-24 03:52:33 CEST.
Flavor | Version | Tinstall | Tcheck | Ttotal | Status | Flags |
---|---|---|---|---|---|---|
r-devel-linux-x86_64-debian-clang | 0.4.2 | 9.94 | 60.26 | 70.20 | OK | |
r-devel-linux-x86_64-debian-gcc | 0.4.2 | 8.79 | 45.17 | 53.96 | OK | |
r-devel-linux-x86_64-fedora-clang | 0.4.2 | 94.52 | NOTE | |||
r-devel-linux-x86_64-fedora-gcc | 0.4.2 | 78.16 | OK | |||
r-patched-linux-x86_64 | 0.4.2 | 11.09 | 57.37 | 68.46 | OK | |
r-release-linux-x86_64 | 0.4.2 | 10.50 | 56.99 | 67.49 | OK | |
r-release-macos-arm64 | 0.4.2 | OK | ||||
r-release-macos-x86_64 | 0.4.2 | OK | ||||
r-release-windows-x86_64 | 0.4.2 | 54.00 | 85.00 | 139.00 | OK | |
r-oldrel-macos-arm64 | 0.4.2 | OK | ||||
r-oldrel-macos-x86_64 | 0.4.2 | OK | ||||
r-oldrel-windows-ix86+x86_64 | 0.4.2 | 22.00 | 68.00 | 90.00 | OK |
Version: 0.4.2
Check: Rd cross-references
Result: NOTE
Undeclared package ‘htmlwidgets’ in Rd xrefs
Flavor: r-devel-linux-x86_64-fedora-clang