Last updated on 2022-04-24 03:52:33 CEST.
Flavor | Version | Tinstall | Tcheck | Ttotal | Status | Flags |
---|---|---|---|---|---|---|
r-devel-linux-x86_64-debian-clang | 0.1.2 | 4.67 | 62.21 | 66.88 | NOTE | |
r-devel-linux-x86_64-debian-gcc | 0.1.2 | 3.93 | 46.25 | 50.18 | NOTE | |
r-devel-linux-x86_64-fedora-clang | 0.1.2 | 83.11 | NOTE | |||
r-devel-linux-x86_64-fedora-gcc | 0.1.2 | 69.06 | NOTE | |||
r-patched-linux-x86_64 | 0.1.2 | 7.24 | 58.79 | 66.03 | NOTE | |
r-release-linux-x86_64 | 0.1.2 | 4.38 | 59.02 | 63.40 | NOTE | |
r-release-macos-arm64 | 0.1.2 | OK | ||||
r-release-macos-x86_64 | 0.1.2 | OK | ||||
r-release-windows-x86_64 | 0.1.2 | 25.00 | 76.00 | 101.00 | OK | |
r-oldrel-macos-arm64 | 0.1.2 | OK | ||||
r-oldrel-macos-x86_64 | 0.1.2 | OK | ||||
r-oldrel-windows-ix86+x86_64 | 0.1.2 | 11.00 | 66.00 | 77.00 | OK |
Version: 0.1.2
Check: for non-standard things in the check directory
Result: NOTE
Found the following files/directories:
'Indometh_Bolus_Linear_CoreOutput.txt'
'Indometh_Bolus_Log_CoreOutput.txt'
'Indometh_Infusion_Linear_CoreOutput.txt'
'Indometh_Infusion_Log_CoreOutput.txt' 'Output'
'Theoph_Linear_CoreOutput.txt' 'Theoph_Log_CoreOutput.txt'
Flavors: r-devel-linux-x86_64-debian-clang, r-devel-linux-x86_64-debian-gcc, r-devel-linux-x86_64-fedora-clang, r-devel-linux-x86_64-fedora-gcc, r-patched-linux-x86_64, r-release-linux-x86_64