Last updated on 2022-04-24 03:52:33 CEST.
Flavor | Version | Tinstall | Tcheck | Ttotal | Status | Flags |
---|---|---|---|---|---|---|
r-devel-linux-x86_64-debian-clang | 1.6 | 112.00 | 108.94 | 220.94 | OK | |
r-devel-linux-x86_64-debian-gcc | 1.6 | 96.02 | 79.11 | 175.13 | OK | |
r-devel-linux-x86_64-fedora-clang | 1.6 | 316.52 | NOTE | |||
r-devel-linux-x86_64-fedora-gcc | 1.6 | 274.89 | NOTE | |||
r-patched-linux-x86_64 | 1.6 | 101.59 | 104.36 | 205.95 | OK | |
r-release-linux-x86_64 | 1.6 | 101.32 | 79.01 | 180.33 | OK | |
r-release-macos-arm64 | 1.6 | NOTE | ||||
r-release-macos-x86_64 | 1.6 | NOTE | ||||
r-release-windows-x86_64 | 1.6 | 102.00 | 158.00 | 260.00 | OK | |
r-oldrel-macos-arm64 | 1.6 | NOTE | ||||
r-oldrel-macos-x86_64 | 1.6 | NOTE | ||||
r-oldrel-windows-ix86+x86_64 | 1.6 | 276.00 | 126.00 | 402.00 | OK |
Version: 1.6
Check: compiled code
Result: NOTE
File ‘planar/libs/planar.so’:
Found no calls to: ‘R_registerRoutines’, ‘R_useDynamicSymbols’
It is good practice to register native routines and to disable symbol
search.
See ‘Writing portable packages’ in the ‘Writing R Extensions’ manual.
Flavors: r-devel-linux-x86_64-fedora-clang, r-devel-linux-x86_64-fedora-gcc
Version: 1.6
Check: installed package size
Result: NOTE
installed size is 6.9Mb
sub-directories of 1Mb or more:
libs 6.3Mb
Flavors: r-release-macos-arm64, r-release-macos-x86_64, r-oldrel-macos-arm64, r-oldrel-macos-x86_64