Last updated on 2022-04-24 03:52:33 CEST.
Flavor | Version | Tinstall | Tcheck | Ttotal | Status | Flags |
---|---|---|---|---|---|---|
r-devel-linux-x86_64-debian-clang | 0.1.0 | 1.89 | 28.89 | 30.78 | OK | |
r-devel-linux-x86_64-debian-gcc | 0.1.0 | 1.48 | 22.81 | 24.29 | OK | |
r-devel-linux-x86_64-fedora-clang | 0.1.0 | 38.84 | NOTE | |||
r-devel-linux-x86_64-fedora-gcc | 0.1.0 | 26.39 | NOTE | |||
r-patched-linux-x86_64 | 0.1.0 | 1.65 | 28.72 | 30.37 | OK | |
r-release-linux-x86_64 | 0.1.0 | 1.55 | 27.07 | 28.62 | OK | |
r-release-macos-arm64 | 0.1.0 | NOTE | ||||
r-release-macos-x86_64 | 0.1.0 | NOTE | ||||
r-release-windows-x86_64 | 0.1.0 | 14.00 | 42.00 | 56.00 | OK | |
r-oldrel-macos-arm64 | 0.1.0 | NOTE | ||||
r-oldrel-macos-x86_64 | 0.1.0 | NOTE | ||||
r-oldrel-windows-ix86+x86_64 | 0.1.0 | 4.00 | 25.00 | 29.00 | OK |
Version: 0.1.0
Check: data for non-ASCII characters
Result: NOTE
Note: found 150 marked UTF-8 strings
Flavors: r-devel-linux-x86_64-fedora-clang, r-devel-linux-x86_64-fedora-gcc, r-release-macos-arm64, r-release-macos-x86_64, r-oldrel-macos-arm64, r-oldrel-macos-x86_64