Last updated on 2022-04-24 03:52:33 CEST.
Flavor | Version | Tinstall | Tcheck | Ttotal | Status | Flags |
---|---|---|---|---|---|---|
r-devel-linux-x86_64-debian-clang | 0.1.2 | 2.27 | 31.25 | 33.52 | NOTE | |
r-devel-linux-x86_64-debian-gcc | 0.1.2 | 1.53 | 24.21 | 25.74 | NOTE | |
r-devel-linux-x86_64-fedora-clang | 0.1.2 | 42.98 | NOTE | |||
r-devel-linux-x86_64-fedora-gcc | 0.1.2 | 29.76 | NOTE | |||
r-patched-linux-x86_64 | 0.1.2 | 1.92 | 30.87 | 32.79 | NOTE | |
r-release-linux-x86_64 | 0.1.2 | 2.01 | 29.98 | 31.99 | NOTE | |
r-release-macos-arm64 | 0.1.2 | NOTE | ||||
r-release-macos-x86_64 | 0.1.2 | NOTE | ||||
r-release-windows-x86_64 | 0.1.2 | 17.00 | 46.00 | 63.00 | NOTE | |
r-oldrel-macos-arm64 | 0.1.2 | NOTE | ||||
r-oldrel-macos-x86_64 | 0.1.2 | NOTE | ||||
r-oldrel-windows-ix86+x86_64 | 0.1.2 | 5.00 | 26.00 | 31.00 | NOTE |
Version: 0.1.2
Check: LazyData
Result: NOTE
'LazyData' is specified without a 'data' directory
Flavors: r-devel-linux-x86_64-debian-clang, r-devel-linux-x86_64-debian-gcc, r-devel-linux-x86_64-fedora-clang, r-devel-linux-x86_64-fedora-gcc, r-patched-linux-x86_64, r-release-linux-x86_64, r-release-macos-arm64, r-release-macos-x86_64, r-release-windows-x86_64, r-oldrel-macos-arm64, r-oldrel-macos-x86_64, r-oldrel-windows-ix86+x86_64