Last updated on 2022-04-24 03:52:33 CEST.
Flavor | Version | Tinstall | Tcheck | Ttotal | Status | Flags |
---|---|---|---|---|---|---|
r-devel-linux-x86_64-debian-clang | 0.1.0 | 2.71 | 33.67 | 36.38 | NOTE | |
r-devel-linux-x86_64-debian-gcc | 0.1.0 | 1.64 | 25.88 | 27.52 | NOTE | |
r-devel-linux-x86_64-fedora-clang | 0.1.0 | 44.07 | NOTE | |||
r-devel-linux-x86_64-fedora-gcc | 0.1.0 | 32.38 | NOTE | |||
r-patched-linux-x86_64 | 0.1.0 | 2.64 | 32.91 | 35.55 | NOTE | |
r-release-linux-x86_64 | 0.1.0 | 1.93 | 32.31 | 34.24 | NOTE | |
r-release-macos-arm64 | 0.1.0 | NOTE | ||||
r-release-macos-x86_64 | 0.1.0 | NOTE | ||||
r-release-windows-x86_64 | 0.1.0 | 44.00 | 54.00 | 98.00 | NOTE | |
r-oldrel-macos-arm64 | 0.1.0 | NOTE | ||||
r-oldrel-macos-x86_64 | 0.1.0 | NOTE | ||||
r-oldrel-windows-ix86+x86_64 | 0.1.0 | 7.00 | 29.00 | 36.00 | NOTE |
Version: 0.1.0
Check: LazyData
Result: NOTE
'LazyData' is specified without a 'data' directory
Flavors: r-devel-linux-x86_64-debian-clang, r-devel-linux-x86_64-debian-gcc, r-devel-linux-x86_64-fedora-clang, r-devel-linux-x86_64-fedora-gcc, r-patched-linux-x86_64, r-release-linux-x86_64, r-release-macos-arm64, r-release-macos-x86_64, r-release-windows-x86_64, r-oldrel-macos-arm64, r-oldrel-macos-x86_64, r-oldrel-windows-ix86+x86_64