CRAN Package Check Results for Package plogr

Last updated on 2022-04-24 03:52:33 CEST.

Flavor Version Tinstall Tcheck Ttotal Status Flags
r-devel-linux-x86_64-debian-clang 0.2.0 1.82 40.03 41.85 NOTE
r-devel-linux-x86_64-debian-gcc 0.2.0 1.26 30.15 31.41 NOTE
r-devel-linux-x86_64-fedora-clang 0.2.0 53.91 NOTE
r-devel-linux-x86_64-fedora-gcc 0.2.0 38.08 NOTE
r-patched-linux-x86_64 0.2.0 1.70 38.84 40.54 NOTE
r-release-linux-x86_64 0.2.0 1.71 36.71 38.42 NOTE
r-release-macos-arm64 0.2.0 NOTE
r-release-macos-x86_64 0.2.0 NOTE
r-release-windows-x86_64 0.2.0 10.00 62.00 72.00 NOTE
r-oldrel-macos-arm64 0.2.0 NOTE
r-oldrel-macos-x86_64 0.2.0 NOTE
r-oldrel-windows-ix86+x86_64 0.2.0 4.00 47.00 51.00 NOTE

Check Details

Version: 0.2.0
Check: LazyData
Result: NOTE
     'LazyData' is specified without a 'data' directory
Flavors: r-devel-linux-x86_64-debian-clang, r-devel-linux-x86_64-debian-gcc, r-devel-linux-x86_64-fedora-clang, r-devel-linux-x86_64-fedora-gcc, r-patched-linux-x86_64, r-release-linux-x86_64, r-release-macos-arm64, r-release-macos-x86_64, r-release-windows-x86_64, r-oldrel-macos-arm64, r-oldrel-macos-x86_64, r-oldrel-windows-ix86+x86_64