Last updated on 2022-04-24 03:52:33 CEST.
Flavor | Version | Tinstall | Tcheck | Ttotal | Status | Flags |
---|---|---|---|---|---|---|
r-devel-linux-x86_64-debian-clang | 0.1.0 | 8.60 | 78.78 | 87.38 | OK | |
r-devel-linux-x86_64-debian-gcc | 0.1.0 | 7.33 | 58.36 | 65.69 | OK | |
r-devel-linux-x86_64-fedora-clang | 0.1.0 | 105.32 | NOTE | |||
r-devel-linux-x86_64-fedora-gcc | 0.1.0 | 88.20 | NOTE | |||
r-patched-linux-x86_64 | 0.1.0 | 7.43 | 75.91 | 83.34 | OK | |
r-release-linux-x86_64 | 0.1.0 | 5.22 | 68.89 | 74.11 | OK | |
r-release-macos-arm64 | 0.1.0 | NOTE | ||||
r-release-macos-x86_64 | 0.1.0 | NOTE | ||||
r-release-windows-x86_64 | 0.1.0 | 35.00 | 97.00 | 132.00 | OK | |
r-oldrel-macos-arm64 | 0.1.0 | NOTE | ||||
r-oldrel-macos-x86_64 | 0.1.0 | NOTE | ||||
r-oldrel-windows-ix86+x86_64 | 0.1.0 | 21.00 | 84.00 | 105.00 | OK |
Version: 0.1.0
Check: dependencies in R code
Result: NOTE
Namespace in Imports field not imported from: ‘mapproj’
All declared Imports should be used.
Flavors: r-devel-linux-x86_64-fedora-clang, r-devel-linux-x86_64-fedora-gcc, r-release-macos-arm64, r-release-macos-x86_64, r-oldrel-macos-arm64, r-oldrel-macos-x86_64
Version: 0.1.0
Check: data for non-ASCII characters
Result: NOTE
Note: found 12992 marked UTF-8 strings
Flavors: r-devel-linux-x86_64-fedora-clang, r-devel-linux-x86_64-fedora-gcc, r-release-macos-arm64, r-release-macos-x86_64, r-oldrel-macos-arm64, r-oldrel-macos-x86_64