Last updated on 2022-04-24 03:52:33 CEST.
Flavor | Version | Tinstall | Tcheck | Ttotal | Status | Flags |
---|---|---|---|---|---|---|
r-devel-linux-x86_64-debian-clang | 2.0.1 | 2.10 | 56.86 | 58.96 | OK | |
r-devel-linux-x86_64-debian-gcc | 2.0.1 | 2.81 | 42.37 | 45.18 | OK | |
r-devel-linux-x86_64-fedora-clang | 2.0.1 | 73.80 | NOTE | |||
r-devel-linux-x86_64-fedora-gcc | 2.0.1 | 60.38 | OK | |||
r-patched-linux-x86_64 | 2.0.1 | 2.67 | 53.40 | 56.07 | OK | |
r-release-linux-x86_64 | 2.0.1 | 3.29 | 52.79 | 56.08 | OK | |
r-release-macos-arm64 | 2.0.1 | OK | ||||
r-release-macos-x86_64 | 2.0.1 | OK | ||||
r-release-windows-x86_64 | 2.0.1 | 19.00 | 85.00 | 104.00 | OK | |
r-oldrel-macos-arm64 | 2.0.1 | OK | ||||
r-oldrel-macos-x86_64 | 2.0.1 | OK | ||||
r-oldrel-windows-ix86+x86_64 | 2.0.1 | 6.00 | 68.00 | 74.00 | OK |
Version: 2.0.1
Check: Rd cross-references
Result: NOTE
Undeclared package ‘scape’ in Rd xrefs
Flavor: r-devel-linux-x86_64-fedora-clang