Last updated on 2022-04-24 03:52:33 CEST.
Flavor | Version | Tinstall | Tcheck | Ttotal | Status | Flags |
---|---|---|---|---|---|---|
r-devel-linux-x86_64-debian-clang | 2.2.1 | 6.31 | 122.13 | 128.44 | OK | |
r-devel-linux-x86_64-debian-gcc | 2.2.1 | 5.41 | 88.62 | 94.03 | OK | |
r-devel-linux-x86_64-fedora-clang | 2.2.1 | 150.68 | OK | |||
r-devel-linux-x86_64-fedora-gcc | 2.2.1 | 135.79 | OK | |||
r-patched-linux-x86_64 | 2.2.1 | 12.67 | 114.83 | 127.50 | OK | |
r-release-linux-x86_64 | 2.2.1 | 7.84 | 76.00 | 83.84 | WARN | |
r-release-macos-arm64 | 2.2.1 | OK | ||||
r-release-macos-x86_64 | 2.2.1 | OK | ||||
r-release-windows-x86_64 | 2.2.1 | 29.00 | 154.00 | 183.00 | OK | |
r-oldrel-macos-arm64 | 2.2.1 | OK | ||||
r-oldrel-macos-x86_64 | 2.2.1 | OK | ||||
r-oldrel-windows-ix86+x86_64 | 2.2.1 | 17.00 | 125.00 | 142.00 | OK |
Version: 2.2.1
Check: re-building of vignette outputs
Result: WARN
Error(s) in re-building vignettes:
...
--- re-building ‘examples.Rmd’ using rmarkdown
Warning in sprintf("\n\n ```{r %s}\n", opts, "\n") :
one argument not used by format ‘
```{r %s}
’
Quitting from lines 167-171 (examples.Rmd)
Error: processing vignette 'examples.Rmd' failed with diagnostics:
error in evaluating the argument ‘group’ in selecting a method for function ‘devStartGroup’: missing value where TRUE/FALSE needed
--- failed re-building ‘examples.Rmd’
SUMMARY: processing the following file failed:
‘examples.Rmd’
Error: Vignette re-building failed.
Execution halted
Flavor: r-release-linux-x86_64