Last updated on 2022-04-24 03:52:33 CEST.
Flavor | Version | Tinstall | Tcheck | Ttotal | Status | Flags |
---|---|---|---|---|---|---|
r-devel-linux-x86_64-debian-clang | 0.1.9 | 10.33 | 87.66 | 97.99 | NOTE | |
r-devel-linux-x86_64-debian-gcc | 0.1.9 | 6.72 | 64.68 | 71.40 | NOTE | |
r-devel-linux-x86_64-fedora-clang | 0.1.9 | 118.00 | NOTE | |||
r-devel-linux-x86_64-fedora-gcc | 0.1.9 | 100.37 | NOTE | |||
r-patched-linux-x86_64 | 0.1.9 | 10.16 | 83.52 | 93.68 | NOTE | |
r-release-linux-x86_64 | 0.1.9 | 9.57 | 76.54 | 86.11 | NOTE | |
r-release-macos-arm64 | 0.1.9 | NOTE | ||||
r-release-macos-x86_64 | 0.1.9 | NOTE | ||||
r-release-windows-x86_64 | 0.1.9 | 46.00 | 103.00 | 149.00 | NOTE | |
r-oldrel-macos-arm64 | 0.1.9 | NOTE | ||||
r-oldrel-macos-x86_64 | 0.1.9 | NOTE | ||||
r-oldrel-windows-ix86+x86_64 | 0.1.9 | 20.00 | 92.00 | 112.00 | NOTE |
Version: 0.1.9
Check: LazyData
Result: NOTE
'LazyData' is specified without a 'data' directory
Flavors: r-devel-linux-x86_64-debian-clang, r-devel-linux-x86_64-debian-gcc, r-devel-linux-x86_64-fedora-clang, r-devel-linux-x86_64-fedora-gcc, r-patched-linux-x86_64, r-release-linux-x86_64, r-release-macos-arm64, r-release-macos-x86_64, r-release-windows-x86_64, r-oldrel-macos-arm64, r-oldrel-macos-x86_64, r-oldrel-windows-ix86+x86_64