Last updated on 2022-04-24 03:52:33 CEST.
| Flavor | Version | Tinstall | Tcheck | Ttotal | Status | Flags | 
|---|---|---|---|---|---|---|
| r-devel-linux-x86_64-debian-clang | 4.10.0 | 19.36 | 276.40 | 295.76 | OK | |
| r-devel-linux-x86_64-debian-gcc | 4.10.0 | 14.99 | 199.32 | 214.31 | OK | |
| r-devel-linux-x86_64-fedora-clang | 4.10.0 | 332.57 | NOTE | |||
| r-devel-linux-x86_64-fedora-gcc | 4.10.0 | 307.91 | OK | |||
| r-patched-linux-x86_64 | 4.10.0 | 17.49 | 248.30 | 265.79 | OK | |
| r-release-linux-x86_64 | 4.10.0 | 17.04 | 246.48 | 263.52 | OK | |
| r-release-macos-arm64 | 4.10.0 | NOTE | ||||
| r-release-macos-x86_64 | 4.10.0 | NOTE | ||||
| r-release-windows-x86_64 | 4.10.0 | 543.00 | 289.00 | 832.00 | NOTE | |
| r-oldrel-macos-arm64 | 4.10.0 | NOTE | ||||
| r-oldrel-macos-x86_64 | 4.10.0 | NOTE | ||||
| r-oldrel-windows-ix86+x86_64 | 4.10.0 | 33.00 | 283.00 | 316.00 | NOTE | 
Version: 4.10.0
Check: installed package size
Result: NOTE
      installed size is  7.1Mb
      sub-directories of 1Mb or more:
        htmlwidgets   4.0Mb
Flavors: r-devel-linux-x86_64-fedora-clang, r-release-macos-arm64, r-release-macos-x86_64, r-release-windows-x86_64, r-oldrel-macos-arm64, r-oldrel-macos-x86_64, r-oldrel-windows-ix86+x86_64