Last updated on 2022-04-24 03:52:33 CEST.
Flavor | Version | Tinstall | Tcheck | Ttotal | Status | Flags |
---|---|---|---|---|---|---|
r-devel-linux-x86_64-debian-clang | 2.8-0 | 7.33 | 76.80 | 84.13 | OK | |
r-devel-linux-x86_64-debian-gcc | 2.8-0 | 4.76 | 57.31 | 62.07 | OK | |
r-devel-linux-x86_64-fedora-clang | 2.8-0 | 102.36 | NOTE | |||
r-devel-linux-x86_64-fedora-gcc | 2.8-0 | 89.32 | OK | |||
r-patched-linux-x86_64 | 2.8-0 | 6.39 | 74.72 | 81.11 | OK | |
r-release-linux-x86_64 | 2.8-0 | 5.21 | 70.90 | 76.11 | OK | |
r-release-macos-arm64 | 2.8-0 | NOTE | ||||
r-release-macos-x86_64 | 2.8-0 | NOTE | ||||
r-release-windows-x86_64 | 2.8-0 | 42.00 | 106.00 | 148.00 | OK | |
r-oldrel-macos-arm64 | 2.8-0 | NOTE | ||||
r-oldrel-macos-x86_64 | 2.8-0 | NOTE | ||||
r-oldrel-windows-ix86+x86_64 | 2.8-0 | 10.00 | 83.00 | 93.00 | OK |
Version: 2.8-0
Check: Rd cross-references
Result: NOTE
Undeclared package ‘sm’ in Rd xrefs
Flavor: r-devel-linux-x86_64-fedora-clang
Version: 2.8-0
Check: package dependencies
Result: NOTE
Package suggested but not available for checking: ‘Rmpi’
Flavors: r-release-macos-arm64, r-release-macos-x86_64, r-oldrel-macos-arm64, r-oldrel-macos-x86_64