Last updated on 2022-04-24 03:52:33 CEST.
Flavor | Version | Tinstall | Tcheck | Ttotal | Status | Flags |
---|---|---|---|---|---|---|
r-devel-linux-x86_64-debian-clang | 0.2.6 | 26.56 | 206.18 | 232.74 | NOTE | |
r-devel-linux-x86_64-debian-gcc | 0.2.6 | 25.24 | 150.69 | 175.93 | NOTE | |
r-devel-linux-x86_64-fedora-clang | 0.2.6 | 287.78 | NOTE | |||
r-devel-linux-x86_64-fedora-gcc | 0.2.6 | 285.76 | NOTE | |||
r-patched-linux-x86_64 | 0.2.6 | 33.78 | 197.49 | 231.27 | OK | |
r-release-linux-x86_64 | 0.2.6 | 23.29 | 182.27 | 205.56 | OK | |
r-release-macos-arm64 | 0.2.6 | OK | ||||
r-release-macos-x86_64 | 0.2.6 | OK | ||||
r-release-windows-x86_64 | 0.2.6 | 42.00 | 201.00 | 243.00 | OK | |
r-oldrel-macos-arm64 | 0.2.6 | OK | ||||
r-oldrel-macos-x86_64 | 0.2.6 | OK | ||||
r-oldrel-windows-ix86+x86_64 | 0.2.6 | 53.00 | 196.00 | 249.00 | OK |
Version: 0.2.6
Check: Rd files
Result: NOTE
checkRd: (7) file 'PLS_beta_kfoldcv.Rd': \item in \describe must have non-empty label
checkRd: (7) file 'PLS_beta_kfoldcv_formula.Rd': \item in \describe must have non-empty label
Flavors: r-devel-linux-x86_64-debian-clang, r-devel-linux-x86_64-debian-gcc, r-devel-linux-x86_64-fedora-clang, r-devel-linux-x86_64-fedora-gcc