Last updated on 2022-04-24 03:52:33 CEST.
Flavor | Version | Tinstall | Tcheck | Ttotal | Status | Flags |
---|---|---|---|---|---|---|
r-devel-linux-x86_64-debian-clang | 0.9.7 | 9.52 | 91.23 | 100.75 | OK | |
r-devel-linux-x86_64-debian-gcc | 0.9.7 | 7.46 | 69.33 | 76.79 | OK | |
r-devel-linux-x86_64-fedora-clang | 0.9.7 | 121.27 | OK | |||
r-devel-linux-x86_64-fedora-gcc | 0.9.7 | 107.51 | OK | |||
r-patched-linux-x86_64 | 0.9.7 | 11.80 | 89.32 | 101.12 | OK | |
r-release-linux-x86_64 | 0.9.7 | 10.12 | 84.91 | 95.03 | OK | |
r-release-macos-arm64 | 0.9.7 | NOTE | ||||
r-release-macos-x86_64 | 0.9.7 | NOTE | ||||
r-release-windows-x86_64 | 0.9.7 | 27.00 | 104.00 | 131.00 | OK | |
r-oldrel-macos-arm64 | 0.9.7 | NOTE | ||||
r-oldrel-macos-x86_64 | 0.9.7 | NOTE | ||||
r-oldrel-windows-ix86+x86_64 | 0.9.7 | 20.00 | 94.00 | 114.00 | OK |
Version: 0.9.7
Check: package dependencies
Result: NOTE
Package suggested but not available for checking: ‘Rmpi’
Flavors: r-release-macos-arm64, r-release-macos-x86_64, r-oldrel-macos-arm64, r-oldrel-macos-x86_64