Last updated on 2022-04-24 03:52:33 CEST.
Flavor | Version | Tinstall | Tcheck | Ttotal | Status | Flags |
---|---|---|---|---|---|---|
r-devel-linux-x86_64-debian-clang | 0.0.1 | 3.55 | 49.06 | 52.61 | NOTE | |
r-devel-linux-x86_64-debian-gcc | 0.0.1 | 2.40 | 36.23 | 38.63 | NOTE | |
r-devel-linux-x86_64-fedora-clang | 0.0.1 | 63.53 | OK | |||
r-devel-linux-x86_64-fedora-gcc | 0.0.1 | 50.37 | OK | |||
r-patched-linux-x86_64 | 0.0.1 | 4.04 | 46.21 | 50.25 | NOTE | |
r-release-linux-x86_64 | 0.0.1 | 3.50 | 45.36 | 48.86 | NOTE | |
r-release-macos-arm64 | 0.0.1 | OK | ||||
r-release-macos-x86_64 | 0.0.1 | OK | ||||
r-release-windows-x86_64 | 0.0.1 | 14.00 | 68.00 | 82.00 | NOTE | |
r-oldrel-macos-arm64 | 0.0.1 | OK | ||||
r-oldrel-macos-x86_64 | 0.0.1 | OK | ||||
r-oldrel-windows-ix86+x86_64 | 0.0.1 | 9.00 | 56.00 | 65.00 | NOTE |
Version: 0.0.1
Check: package vignettes
Result: NOTE
Package vignette with placeholder title 'Vignette Title':
'introduction.Rmd'
Flavors: r-devel-linux-x86_64-debian-clang, r-devel-linux-x86_64-debian-gcc, r-patched-linux-x86_64, r-release-linux-x86_64, r-release-windows-x86_64, r-oldrel-windows-ix86+x86_64