Last updated on 2022-04-24 03:52:33 CEST.
Flavor | Version | Tinstall | Tcheck | Ttotal | Status | Flags |
---|---|---|---|---|---|---|
r-devel-linux-x86_64-debian-clang | 0.1.0 | 4.61 | 54.67 | 59.28 | OK | |
r-devel-linux-x86_64-debian-gcc | 0.1.0 | 3.16 | 41.89 | 45.05 | OK | |
r-devel-linux-x86_64-fedora-clang | 0.1.0 | 71.18 | NOTE | |||
r-devel-linux-x86_64-fedora-gcc | 0.1.0 | 58.91 | NOTE | |||
r-patched-linux-x86_64 | 0.1.0 | 2.95 | 53.86 | 56.81 | OK | |
r-release-linux-x86_64 | 0.1.0 | 2.83 | 53.22 | 56.05 | OK | |
r-release-macos-arm64 | 0.1.0 | NOTE | ||||
r-release-macos-x86_64 | 0.1.0 | NOTE | ||||
r-release-windows-x86_64 | 0.1.0 | 59.00 | 96.00 | 155.00 | OK | |
r-oldrel-macos-arm64 | 0.1.0 | NOTE | ||||
r-oldrel-macos-x86_64 | 0.1.0 | NOTE | ||||
r-oldrel-windows-ix86+x86_64 | 0.1.0 | 9.00 | 69.00 | 78.00 | OK |
Version: 0.1.0
Check: dependencies in R code
Result: NOTE
Namespace in Imports field not imported from: ‘glue’
All declared Imports should be used.
Flavors: r-devel-linux-x86_64-fedora-clang, r-devel-linux-x86_64-fedora-gcc, r-release-macos-arm64, r-release-macos-x86_64, r-oldrel-macos-arm64, r-oldrel-macos-x86_64