Last updated on 2022-04-24 03:52:33 CEST.
Flavor | Version | Tinstall | Tcheck | Ttotal | Status | Flags |
---|---|---|---|---|---|---|
r-devel-linux-x86_64-debian-clang | 0.6.9 | 4.89 | 45.47 | 50.36 | NOTE | |
r-devel-linux-x86_64-debian-gcc | 0.6.9 | 3.69 | 34.25 | 37.94 | NOTE | |
r-devel-linux-x86_64-fedora-clang | 0.6.9 | 63.97 | NOTE | |||
r-devel-linux-x86_64-fedora-gcc | 0.6.9 | 53.52 | NOTE | |||
r-patched-linux-x86_64 | 0.6.9 | 6.40 | 43.85 | 50.25 | OK | |
r-release-linux-x86_64 | 0.6.9 | 4.88 | 41.85 | 46.73 | OK | |
r-release-macos-arm64 | 0.6.9 | OK | ||||
r-release-macos-x86_64 | 0.6.9 | OK | ||||
r-release-windows-x86_64 | 0.6.9 | 35.00 | 67.00 | 102.00 | OK | |
r-oldrel-macos-arm64 | 0.6.9 | OK | ||||
r-oldrel-macos-x86_64 | 0.6.9 | OK | ||||
r-oldrel-windows-ix86+x86_64 | 0.6.9 | 14.00 | 54.00 | 68.00 | OK |
Version: 0.6.9
Check: Rd files
Result: NOTE
checkRd: (7) file 'ItemSelection-class.Rd': \item in \describe must have non-empty label
checkRd: (7) file 'RegionSelection-class.Rd': \item in \describe must have non-empty label
Flavors: r-devel-linux-x86_64-debian-clang, r-devel-linux-x86_64-debian-gcc, r-devel-linux-x86_64-fedora-clang, r-devel-linux-x86_64-fedora-gcc