Last updated on 2022-04-24 03:52:33 CEST.
Flavor | Version | Tinstall | Tcheck | Ttotal | Status | Flags |
---|---|---|---|---|---|---|
r-devel-linux-x86_64-debian-clang | 1.1 | 3.81 | 49.77 | 53.58 | NOTE | |
r-devel-linux-x86_64-debian-gcc | 1.1 | 4.68 | 37.01 | 41.69 | NOTE | |
r-devel-linux-x86_64-fedora-clang | 1.1 | 65.54 | NOTE | |||
r-devel-linux-x86_64-fedora-gcc | 1.1 | 52.85 | NOTE | |||
r-patched-linux-x86_64 | 1.1 | 4.06 | 46.73 | 50.79 | NOTE | |
r-release-linux-x86_64 | 1.1 | 5.45 | 45.08 | 50.53 | NOTE | |
r-release-macos-arm64 | 1.1 | NOTE | ||||
r-release-macos-x86_64 | 1.1 | NOTE | ||||
r-release-windows-x86_64 | 1.1 | 15.00 | 63.00 | 78.00 | NOTE | |
r-oldrel-macos-arm64 | 1.1 | NOTE | ||||
r-oldrel-macos-x86_64 | 1.1 | NOTE | ||||
r-oldrel-windows-ix86+x86_64 | 1.1 | 9.00 | 56.00 | 65.00 | NOTE |
Version: 1.1
Check: DESCRIPTION meta-information
Result: NOTE
Malformed Description field: should contain one or more complete sentences.
Flavors: r-devel-linux-x86_64-debian-clang, r-devel-linux-x86_64-debian-gcc, r-devel-linux-x86_64-fedora-clang, r-devel-linux-x86_64-fedora-gcc, r-patched-linux-x86_64, r-release-linux-x86_64, r-release-macos-arm64, r-release-macos-x86_64, r-release-windows-x86_64, r-oldrel-macos-arm64, r-oldrel-macos-x86_64, r-oldrel-windows-ix86+x86_64
Version: 1.1
Check: R code for possible problems
Result: NOTE
.MCM: no visible global function definition for 'runif'
.MCM: no visible global function definition for 'rmultinom'
.MCM: no visible global function definition for 'mahalanobis'
.MCM: no visible global function definition for 'optimize'
.MCM : f: no visible global function definition for 'mahalanobis'
.MCM: no visible global function definition for 'alarm'
.igpark: no visible global function definition for 'kmeans'
.loglik: no visible global function definition for 'mahalanobis'
.plot.gpcm: no visible global function definition for 'lines'
.plot.gpcm: no visible global function definition for 'legend'
.rwgpar: no visible global function definition for 'rexp'
.weights: no visible global function definition for 'mahalanobis'
Undefined global functions or variables:
alarm kmeans legend lines mahalanobis optimize rexp rmultinom runif
Consider adding
importFrom("graphics", "legend", "lines")
importFrom("stats", "kmeans", "mahalanobis", "optimize", "rexp",
"rmultinom", "runif")
importFrom("utils", "alarm")
to your NAMESPACE file.
Flavors: r-devel-linux-x86_64-debian-clang, r-devel-linux-x86_64-debian-gcc, r-devel-linux-x86_64-fedora-clang, r-devel-linux-x86_64-fedora-gcc, r-patched-linux-x86_64, r-release-linux-x86_64, r-release-macos-arm64, r-release-macos-x86_64, r-release-windows-x86_64, r-oldrel-macos-arm64, r-oldrel-macos-x86_64, r-oldrel-windows-ix86+x86_64