Last updated on 2022-04-24 03:52:33 CEST.
Flavor | Version | Tinstall | Tcheck | Ttotal | Status | Flags |
---|---|---|---|---|---|---|
r-devel-linux-x86_64-debian-clang | 0.2-1 | 9.31 | 78.15 | 87.46 | OK | |
r-devel-linux-x86_64-debian-gcc | 0.2-1 | 7.08 | 59.63 | 66.71 | OK | |
r-devel-linux-x86_64-fedora-clang | 0.2-1 | 106.44 | OK | |||
r-devel-linux-x86_64-fedora-gcc | 0.2-1 | 94.88 | OK | |||
r-patched-linux-x86_64 | 0.2-1 | 8.25 | 74.19 | 82.44 | OK | |
r-release-linux-x86_64 | 0.2-1 | 8.61 | 71.29 | 79.90 | OK | |
r-release-macos-arm64 | 0.2-1 | ERROR | ||||
r-release-macos-x86_64 | 0.2-1 | ERROR | ||||
r-release-windows-x86_64 | 0.2-1 | 57.00 | 123.00 | 180.00 | OK | |
r-oldrel-macos-arm64 | 0.2-1 | ERROR | ||||
r-oldrel-macos-x86_64 | 0.2-1 | ERROR | ||||
r-oldrel-windows-ix86+x86_64 | 0.2-1 | 18.00 | 102.00 | 120.00 | OK |
Version: 0.2-1
Check: package dependencies
Result: ERROR
Package required but not available: ‘pbdMPI’
See section ‘The DESCRIPTION file’ in the ‘Writing R Extensions’
manual.
Flavors: r-release-macos-arm64, r-release-macos-x86_64, r-oldrel-macos-arm64, r-oldrel-macos-x86_64