Last updated on 2022-04-24 03:52:33 CEST.
Flavor | Version | Tinstall | Tcheck | Ttotal | Status | Flags |
---|---|---|---|---|---|---|
r-devel-linux-x86_64-debian-clang | 1.5 | 2.74 | 41.07 | 43.81 | NOTE | |
r-devel-linux-x86_64-debian-gcc | 1.5 | 2.60 | 31.26 | 33.86 | NOTE | |
r-devel-linux-x86_64-fedora-clang | 1.5 | 52.75 | NOTE | |||
r-devel-linux-x86_64-fedora-gcc | 1.5 | 41.73 | NOTE | |||
r-patched-linux-x86_64 | 1.5 | 3.81 | 40.27 | 44.08 | NOTE | |
r-release-linux-x86_64 | 1.5 | 2.21 | 38.88 | 41.09 | NOTE | |
r-release-macos-arm64 | 1.5 | NOTE | ||||
r-release-macos-x86_64 | 1.5 | NOTE | ||||
r-release-windows-x86_64 | 1.5 | 15.00 | 58.00 | 73.00 | NOTE | |
r-oldrel-macos-arm64 | 1.5 | NOTE | ||||
r-oldrel-macos-x86_64 | 1.5 | NOTE | ||||
r-oldrel-windows-ix86+x86_64 | 1.5 | 6.00 | 48.00 | 54.00 | NOTE |
Version: 1.5
Check: LazyData
Result: NOTE
'LazyData' is specified without a 'data' directory
Flavors: r-devel-linux-x86_64-debian-clang, r-devel-linux-x86_64-debian-gcc, r-devel-linux-x86_64-fedora-clang, r-devel-linux-x86_64-fedora-gcc, r-patched-linux-x86_64, r-release-linux-x86_64, r-release-macos-arm64, r-release-macos-x86_64, r-release-windows-x86_64, r-oldrel-macos-arm64, r-oldrel-macos-x86_64, r-oldrel-windows-ix86+x86_64