Last updated on 2022-04-24 03:52:33 CEST.
Flavor | Version | Tinstall | Tcheck | Ttotal | Status | Flags |
---|---|---|---|---|---|---|
r-devel-linux-x86_64-debian-clang | 0.1.0 | 2.69 | 647.85 | 650.54 | OK | |
r-devel-linux-x86_64-debian-gcc | 0.1.0 | 1.76 | 394.48 | 396.24 | OK | |
r-devel-linux-x86_64-fedora-clang | 0.1.0 | 607.88 | OK | |||
r-devel-linux-x86_64-fedora-gcc | 0.1.0 | 735.35 | OK | |||
r-patched-linux-x86_64 | 0.1.0 | 2.51 | 494.14 | 496.65 | OK | |
r-release-linux-x86_64 | 0.1.0 | 2.08 | 489.73 | 491.81 | NOTE | |
r-release-macos-arm64 | 0.1.0 | OK | ||||
r-release-macos-x86_64 | 0.1.0 | OK | ||||
r-release-windows-x86_64 | 0.1.0 | 12.00 | 631.00 | 643.00 | OK | |
r-oldrel-macos-arm64 | 0.1.0 | OK | ||||
r-oldrel-macos-x86_64 | 0.1.0 | OK | ||||
r-oldrel-windows-ix86+x86_64 | 0.1.0 | 6.00 | 721.00 | 727.00 | OK |
Version: 0.1.0
Check: DESCRIPTION meta-information
Result: NOTE
Dependence on R version ‘3.6.3’ not with patchlevel 0
Flavor: r-release-linux-x86_64