Last updated on 2022-04-24 03:52:33 CEST.
Flavor | Version | Tinstall | Tcheck | Ttotal | Status | Flags |
---|---|---|---|---|---|---|
r-devel-linux-x86_64-debian-clang | 1.2.3 | 15.33 | 127.56 | 142.89 | OK | |
r-devel-linux-x86_64-debian-gcc | 1.2.3 | 12.71 | 92.39 | 105.10 | OK | |
r-devel-linux-x86_64-fedora-clang | 1.2.3 | 165.69 | NOTE | |||
r-devel-linux-x86_64-fedora-gcc | 1.2.3 | 147.26 | NOTE | |||
r-patched-linux-x86_64 | 1.2.3 | 13.31 | 119.05 | 132.36 | OK | |
r-release-linux-x86_64 | 1.2.3 | 8.77 | 108.10 | 116.87 | OK | |
r-release-macos-arm64 | 1.2.3 | NOTE | ||||
r-release-macos-x86_64 | 1.2.3 | NOTE | ||||
r-release-windows-x86_64 | 1.2.3 | 45.00 | 135.00 | 180.00 | OK | |
r-oldrel-macos-arm64 | 1.2.3 | NOTE | ||||
r-oldrel-macos-x86_64 | 1.2.3 | NOTE | ||||
r-oldrel-windows-ix86+x86_64 | 1.2.3 | 29.00 | 130.00 | 159.00 | OK |
Version: 1.2.3
Check: dependencies in R code
Result: NOTE
Namespaces in Imports field not imported from:
‘ggrepel’ ‘gridExtra’
All declared Imports should be used.
Flavors: r-devel-linux-x86_64-fedora-clang, r-devel-linux-x86_64-fedora-gcc, r-release-macos-arm64, r-release-macos-x86_64, r-oldrel-macos-arm64, r-oldrel-macos-x86_64