Last updated on 2022-04-24 03:52:33 CEST.
Flavor | Version | Tinstall | Tcheck | Ttotal | Status | Flags |
---|---|---|---|---|---|---|
r-devel-linux-x86_64-debian-clang | 0.1-7 | 2.98 | 29.19 | 32.17 | OK | |
r-devel-linux-x86_64-debian-gcc | 0.1-7 | 2.18 | 22.98 | 25.16 | OK | |
r-devel-linux-x86_64-fedora-clang | 0.1-7 | 41.45 | NOTE | |||
r-devel-linux-x86_64-fedora-gcc | 0.1-7 | 29.22 | NOTE | |||
r-patched-linux-x86_64 | 0.1-7 | 2.64 | 28.40 | 31.04 | OK | |
r-release-linux-x86_64 | 0.1-7 | 2.49 | 28.30 | 30.79 | OK | |
r-release-macos-arm64 | 0.1-7 | OK | ||||
r-release-macos-x86_64 | 0.1-7 | OK | ||||
r-release-windows-x86_64 | 0.1-7 | 11.00 | 50.00 | 61.00 | OK | |
r-oldrel-macos-arm64 | 0.1-7 | OK | ||||
r-oldrel-macos-x86_64 | 0.1-7 | OK | ||||
r-oldrel-windows-ix86+x86_64 | 0.1-7 | 11.00 | 33.00 | 44.00 | OK |
Version: 0.1-7
Check: compiled code
Result: NOTE
File ‘png/libs/png.so’:
Found no calls to: ‘R_registerRoutines’, ‘R_useDynamicSymbols’
It is good practice to register native routines and to disable symbol
search.
See ‘Writing portable packages’ in the ‘Writing R Extensions’ manual.
Flavors: r-devel-linux-x86_64-fedora-clang, r-devel-linux-x86_64-fedora-gcc