Last updated on 2022-04-24 03:52:33 CEST.
Flavor | Version | Tinstall | Tcheck | Ttotal | Status | Flags |
---|---|---|---|---|---|---|
r-devel-linux-x86_64-debian-clang | 1.3 | 6.87 | 48.22 | 55.09 | NOTE | |
r-devel-linux-x86_64-debian-gcc | 1.3 | 6.16 | 36.35 | 42.51 | NOTE | |
r-devel-linux-x86_64-fedora-clang | 1.3 | 68.24 | NOTE | |||
r-devel-linux-x86_64-fedora-gcc | 1.3 | 55.43 | NOTE | |||
r-patched-linux-x86_64 | 1.3 | 6.62 | 45.68 | 52.30 | NOTE | |
r-release-linux-x86_64 | 1.3 | 5.91 | 46.32 | 52.23 | NOTE | |
r-release-macos-arm64 | 1.3 | NOTE | ||||
r-release-macos-x86_64 | 1.3 | NOTE | ||||
r-release-windows-x86_64 | 1.3 | 11.00 | 67.00 | 78.00 | NOTE | |
r-oldrel-macos-arm64 | 1.3 | NOTE | ||||
r-oldrel-macos-x86_64 | 1.3 | NOTE | ||||
r-oldrel-windows-ix86+x86_64 | 1.3 | 12.00 | 53.00 | 65.00 | NOTE |
Version: 1.3
Check: DESCRIPTION meta-information
Result: NOTE
Malformed Description field: should contain one or more complete sentences.
Flavors: r-devel-linux-x86_64-debian-clang, r-devel-linux-x86_64-debian-gcc, r-devel-linux-x86_64-fedora-clang, r-devel-linux-x86_64-fedora-gcc, r-patched-linux-x86_64, r-release-linux-x86_64, r-release-macos-arm64, r-release-macos-x86_64, r-release-windows-x86_64, r-oldrel-macos-arm64, r-oldrel-macos-x86_64, r-oldrel-windows-ix86+x86_64
Version: 1.3
Check: dependencies in R code
Result: NOTE
'library' or 'require' call to 'MASS' which was already attached by Depends.
Please remove these calls from your code.
Package in Depends field not imported from: 'MASS'
These packages need to be imported from (in the NAMESPACE file)
for when this namespace is loaded but not attached.
Flavors: r-devel-linux-x86_64-debian-clang, r-devel-linux-x86_64-debian-gcc, r-devel-linux-x86_64-fedora-clang, r-devel-linux-x86_64-fedora-gcc, r-patched-linux-x86_64, r-release-linux-x86_64, r-release-macos-arm64, r-release-macos-x86_64, r-release-windows-x86_64, r-oldrel-macos-arm64, r-oldrel-macos-x86_64, r-oldrel-windows-ix86+x86_64
Version: 1.3
Check: R code for possible problems
Result: NOTE
pnmtrem1: no visible global function definition for 'pnorm'
pnmtrem1: no visible global function definition for 'dnorm'
pnmtrem1: no visible global function definition for 'ginv'
pnmtrem1 : fun: no visible global function definition for 'pnorm'
pnmtrem1 : derf: no visible global function definition for 'dnorm'
pnmtrem1 : derf: no visible global function definition for 'pnorm'
pnmtrem1 : fun: no visible global function definition for 'dnorm'
Undefined global functions or variables:
dnorm ginv pnorm
Consider adding
importFrom("stats", "dnorm", "pnorm")
to your NAMESPACE file.
Flavors: r-devel-linux-x86_64-debian-clang, r-devel-linux-x86_64-debian-gcc, r-devel-linux-x86_64-fedora-clang, r-devel-linux-x86_64-fedora-gcc, r-patched-linux-x86_64, r-release-linux-x86_64, r-release-macos-arm64, r-release-macos-x86_64, r-release-windows-x86_64, r-oldrel-macos-arm64, r-oldrel-macos-x86_64, r-oldrel-windows-ix86+x86_64