Last updated on 2022-04-24 03:52:34 CEST.
Flavor | Version | Tinstall | Tcheck | Ttotal | Status | Flags |
---|---|---|---|---|---|---|
r-devel-linux-x86_64-debian-clang | 1.0.2 | 25.24 | 284.68 | 309.92 | OK | |
r-devel-linux-x86_64-debian-gcc | 1.0.2 | 22.68 | 206.07 | 228.75 | OK | |
r-devel-linux-x86_64-fedora-clang | 1.0.2 | 368.97 | NOTE | |||
r-devel-linux-x86_64-fedora-gcc | 1.0.2 | 351.43 | NOTE | |||
r-patched-linux-x86_64 | 1.0.2 | 27.15 | 266.43 | 293.58 | OK | |
r-release-linux-x86_64 | 1.0.2 | 23.82 | 275.35 | 299.17 | OK | |
r-release-macos-arm64 | 1.0.2 | NOTE | ||||
r-release-macos-x86_64 | 1.0.2 | NOTE | ||||
r-release-windows-x86_64 | 1.0.2 | 59.00 | 684.00 | 743.00 | OK | |
r-oldrel-macos-arm64 | 1.0.2 | NOTE | ||||
r-oldrel-macos-x86_64 | 1.0.2 | NOTE | ||||
r-oldrel-windows-ix86+x86_64 | 1.0.2 | 43.00 | 674.00 | 717.00 | OK |
Version: 1.0.2
Check: dependencies in R code
Result: NOTE
Namespaces in Imports field not imported from:
‘abc’ ‘doParallel’ ‘gdistance’ ‘geosphere’ ‘lhs’ ‘metRology’ ‘raster’
‘trend’
All declared Imports should be used.
Flavors: r-devel-linux-x86_64-fedora-clang, r-devel-linux-x86_64-fedora-gcc, r-release-macos-arm64, r-release-macos-x86_64, r-oldrel-macos-arm64, r-oldrel-macos-x86_64