Last updated on 2022-04-24 03:52:34 CEST.
Flavor | Version | Tinstall | Tcheck | Ttotal | Status | Flags |
---|---|---|---|---|---|---|
r-devel-linux-x86_64-debian-clang | 1.2.0 | 11.60 | 91.05 | 102.65 | NOTE | |
r-devel-linux-x86_64-debian-gcc | 1.2.0 | 10.02 | 67.52 | 77.54 | NOTE | |
r-devel-linux-x86_64-fedora-clang | 1.2.0 | 130.66 | NOTE | |||
r-devel-linux-x86_64-fedora-gcc | 1.2.0 | 117.08 | NOTE | |||
r-patched-linux-x86_64 | 1.2.0 | 10.35 | 83.24 | 93.59 | OK | |
r-release-linux-x86_64 | 1.2.0 | 11.96 | 81.80 | 93.76 | OK | |
r-release-macos-arm64 | 1.2.0 | OK | ||||
r-release-macos-x86_64 | 1.2.0 | OK | ||||
r-release-windows-x86_64 | 1.2.0 | 20.00 | 95.00 | 115.00 | OK | |
r-oldrel-macos-arm64 | 1.2.0 | OK | ||||
r-oldrel-macos-x86_64 | 1.2.0 | OK | ||||
r-oldrel-windows-ix86+x86_64 | 1.2.0 | 22.00 | 95.00 | 117.00 | OK |
Version: 1.2.0
Check: Rd files
Result: NOTE
checkRd: (7) file 'logitBvs.Rd': \item in \describe must have non-empty label
checkRd: (7) file 'negbinBvs.Rd': \item in \describe must have non-empty label
checkRd: (7) file 'pogitBvs.Rd': \item in \describe must have non-empty label
checkRd: (7) file 'poissonBvs.Rd': \item in \describe must have non-empty label
Flavors: r-devel-linux-x86_64-debian-clang, r-devel-linux-x86_64-debian-gcc, r-devel-linux-x86_64-fedora-clang, r-devel-linux-x86_64-fedora-gcc