Last updated on 2022-04-24 03:52:34 CEST.
Flavor | Version | Tinstall | Tcheck | Ttotal | Status | Flags |
---|---|---|---|---|---|---|
r-devel-linux-x86_64-debian-clang | 2.0.0 | 18.33 | 163.24 | 181.57 | NOTE | |
r-devel-linux-x86_64-debian-gcc | 2.0.0 | 13.03 | 118.33 | 131.36 | NOTE | |
r-devel-linux-x86_64-fedora-clang | 2.0.0 | 215.37 | NOTE | |||
r-devel-linux-x86_64-fedora-gcc | 2.0.0 | 210.91 | NOTE | |||
r-patched-linux-x86_64 | 2.0.0 | 18.25 | 150.44 | 168.69 | OK | |
r-release-linux-x86_64 | 2.0.0 | 15.28 | 138.86 | 154.14 | OK | |
r-release-macos-arm64 | 2.0.0 | OK | ||||
r-release-macos-x86_64 | 2.0.0 | OK | ||||
r-release-windows-x86_64 | 2.0.0 | 23.00 | 164.00 | 187.00 | OK | |
r-oldrel-macos-arm64 | 2.0.0 | OK | ||||
r-oldrel-macos-x86_64 | 2.0.0 | OK | ||||
r-oldrel-windows-ix86+x86_64 | 2.0.0 | 32.00 | 161.00 | 193.00 | OK |
Version: 2.0.0
Check: Rd files
Result: NOTE
checkRd: (7) file 'interval.trend.Rd': \item in \value must have non-empty label
checkRd: (7) file 'pointer.norm.Rd': \item in \value must have non-empty label
checkRd: (7) file 'pointer.rgc.Rd': \item in \value must have non-empty label
checkRd: (7) file 'pointer.zchron.Rd': \item in \value must have non-empty label
Flavors: r-devel-linux-x86_64-debian-clang, r-devel-linux-x86_64-debian-gcc, r-devel-linux-x86_64-fedora-clang, r-devel-linux-x86_64-fedora-gcc