Last updated on 2022-04-24 03:52:34 CEST.
| Flavor | Version | Tinstall | Tcheck | Ttotal | Status | Flags | 
|---|---|---|---|---|---|---|
| r-devel-linux-x86_64-debian-clang | 0.10.0 | 21.95 | 320.97 | 342.92 | OK | |
| r-devel-linux-x86_64-debian-gcc | 0.10.0 | 19.99 | 238.07 | 258.06 | OK | |
| r-devel-linux-x86_64-fedora-clang | 0.10.0 | 442.74 | NOTE | |||
| r-devel-linux-x86_64-fedora-gcc | 0.10.0 | 421.72 | NOTE | |||
| r-patched-linux-x86_64 | 0.10.0 | 36.22 | 305.70 | 341.92 | OK | |
| r-release-linux-x86_64 | 0.10.0 | 23.88 | 295.58 | 319.46 | OK | |
| r-release-macos-arm64 | 0.10.0 | NOTE | ||||
| r-release-macos-x86_64 | 0.10.0 | NOTE | ||||
| r-release-windows-x86_64 | 0.10.0 | 256.00 | 338.00 | 594.00 | OK | |
| r-oldrel-macos-arm64 | 0.10.0 | NOTE | ||||
| r-oldrel-macos-x86_64 | 0.10.0 | NOTE | ||||
| r-oldrel-windows-ix86+x86_64 | 0.10.0 | 43.00 | 347.00 | 390.00 | OK | 
Version: 0.10.0
Check: installed package size
Result: NOTE
      installed size is  5.0Mb
      sub-directories of 1Mb or more:
        help   2.6Mb
Flavor: r-devel-linux-x86_64-fedora-clang
Version: 0.10.0
Check: data for non-ASCII characters
Result: NOTE
      Note: found 1 marked UTF-8 string
Flavors: r-devel-linux-x86_64-fedora-clang, r-devel-linux-x86_64-fedora-gcc, r-release-macos-arm64, r-release-macos-x86_64, r-oldrel-macos-arm64, r-oldrel-macos-x86_64