Last updated on 2022-04-24 03:52:34 CEST.
Flavor | Version | Tinstall | Tcheck | Ttotal | Status | Flags |
---|---|---|---|---|---|---|
r-devel-linux-x86_64-debian-clang | 0.2.0 | 2.02 | 29.84 | 31.86 | NOTE | |
r-devel-linux-x86_64-debian-gcc | 0.2.0 | 1.61 | 22.77 | 24.38 | NOTE | |
r-devel-linux-x86_64-fedora-clang | 0.2.0 | 38.68 | NOTE | |||
r-devel-linux-x86_64-fedora-gcc | 0.2.0 | 26.31 | NOTE | |||
r-patched-linux-x86_64 | 0.2.0 | 2.07 | 27.67 | 29.74 | NOTE | |
r-release-linux-x86_64 | 0.2.0 | 1.94 | 27.50 | 29.44 | NOTE | |
r-release-macos-arm64 | 0.2.0 | NOTE | ||||
r-release-macos-x86_64 | 0.2.0 | NOTE | ||||
r-release-windows-x86_64 | 0.2.0 | 9.00 | 45.00 | 54.00 | NOTE | |
r-oldrel-macos-arm64 | 0.2.0 | NOTE | ||||
r-oldrel-macos-x86_64 | 0.2.0 | NOTE | ||||
r-oldrel-windows-ix86+x86_64 | 0.2.0 | 4.00 | 35.00 | 39.00 | NOTE |
Version: 0.2.0
Check: LazyData
Result: NOTE
'LazyData' is specified without a 'data' directory
Flavors: r-devel-linux-x86_64-debian-clang, r-devel-linux-x86_64-debian-gcc, r-devel-linux-x86_64-fedora-clang, r-devel-linux-x86_64-fedora-gcc, r-patched-linux-x86_64, r-release-linux-x86_64, r-release-macos-arm64, r-release-macos-x86_64, r-release-windows-x86_64, r-oldrel-macos-arm64, r-oldrel-macos-x86_64, r-oldrel-windows-ix86+x86_64