Last updated on 2022-04-24 03:52:34 CEST.
Flavor | Version | Tinstall | Tcheck | Ttotal | Status | Flags |
---|---|---|---|---|---|---|
r-devel-linux-x86_64-debian-clang | 0.0-4 | 10.66 | 100.53 | 111.19 | OK | |
r-devel-linux-x86_64-debian-gcc | 0.0-4 | 7.13 | 73.44 | 80.57 | OK | |
r-devel-linux-x86_64-fedora-clang | 0.0-4 | 137.85 | NOTE | |||
r-devel-linux-x86_64-fedora-gcc | 0.0-4 | 122.22 | NOTE | |||
r-patched-linux-x86_64 | 0.0-4 | 9.03 | 92.95 | 101.98 | OK | |
r-release-linux-x86_64 | 0.0-4 | 6.09 | 92.88 | 98.97 | OK | |
r-release-macos-arm64 | 0.0-4 | NOTE | ||||
r-release-macos-x86_64 | 0.0-4 | NOTE | ||||
r-release-windows-x86_64 | 0.0-4 | 19.00 | 120.00 | 139.00 | OK | |
r-oldrel-macos-arm64 | 0.0-4 | NOTE | ||||
r-oldrel-macos-x86_64 | 0.0-4 | NOTE | ||||
r-oldrel-windows-ix86+x86_64 | 0.0-4 | 23.00 | 108.00 | 131.00 | OK |
Version: 0.0-4
Check: Rd cross-references
Result: NOTE
Undeclared package ‘ISOcodes’ in Rd xrefs
Flavor: r-devel-linux-x86_64-fedora-clang
Version: 0.0-4
Check: data for non-ASCII characters
Result: NOTE
Note: found 8 marked UTF-8 strings
Flavors: r-devel-linux-x86_64-fedora-clang, r-devel-linux-x86_64-fedora-gcc, r-release-macos-arm64, r-release-macos-x86_64, r-oldrel-macos-arm64, r-oldrel-macos-x86_64