Last updated on 2022-04-24 03:52:34 CEST.
Flavor | Version | Tinstall | Tcheck | Ttotal | Status | Flags |
---|---|---|---|---|---|---|
r-devel-linux-x86_64-debian-clang | 1.1 | 24.63 | 39.28 | 63.91 | NOTE | |
r-devel-linux-x86_64-debian-gcc | 1.1 | 18.14 | 30.93 | 49.07 | NOTE | |
r-devel-linux-x86_64-fedora-clang | 1.1 | 89.34 | NOTE | |||
r-devel-linux-x86_64-fedora-gcc | 1.1 | 68.27 | NOTE | |||
r-patched-linux-x86_64 | 1.1 | 20.68 | 38.50 | 59.18 | NOTE | |
r-release-linux-x86_64 | 1.1 | 18.06 | 38.23 | 56.29 | NOTE | |
r-release-macos-arm64 | 1.1 | NOTE | ||||
r-release-macos-x86_64 | 1.1 | NOTE | ||||
r-release-windows-x86_64 | 1.1 | 34.00 | 77.00 | 111.00 | NOTE | |
r-oldrel-macos-arm64 | 1.1 | NOTE | ||||
r-oldrel-macos-x86_64 | 1.1 | NOTE | ||||
r-oldrel-windows-ix86+x86_64 | 1.1 | 58.00 | 70.00 | 128.00 | NOTE |
Version: 1.1
Check: R code for possible problems
Result: NOTE
approxMargMLE: no visible global function definition for 'optim'
approxMargMLECI : ciFunction: no visible global function definition for
'qchisq'
approxMargMLECI: no visible global function definition for 'uniroot'
margMLE: no visible global function definition for 'optim'
margMLECI: no visible global function definition for 'optim'
margMLECI : unNormLikeMinusVal: no visible global function definition
for 'qchisq'
margMLECI: no visible global function definition for 'uniroot'
profMLECI : ciFunction: no visible global function definition for
'qchisq'
profMLECI: no visible global function definition for 'uniroot'
rtbinom: no visible global function definition for 'rbinom'
rtpois: no visible global function definition for 'rpois'
waldCI: no visible global function definition for 'qnorm'
Undefined global functions or variables:
optim qchisq qnorm rbinom rpois uniroot
Consider adding
importFrom("stats", "optim", "qchisq", "qnorm", "rbinom", "rpois",
"uniroot")
to your NAMESPACE file.
Flavors: r-devel-linux-x86_64-debian-clang, r-devel-linux-x86_64-debian-gcc, r-devel-linux-x86_64-fedora-clang, r-devel-linux-x86_64-fedora-gcc, r-patched-linux-x86_64, r-release-linux-x86_64, r-release-macos-arm64, r-release-macos-x86_64, r-release-windows-x86_64, r-oldrel-macos-arm64, r-oldrel-macos-x86_64, r-oldrel-windows-ix86+x86_64
Version: 1.1
Check: LazyData
Result: NOTE
'LazyData' is specified without a 'data' directory
Flavors: r-devel-linux-x86_64-debian-clang, r-devel-linux-x86_64-debian-gcc, r-devel-linux-x86_64-fedora-clang, r-devel-linux-x86_64-fedora-gcc, r-patched-linux-x86_64, r-release-linux-x86_64, r-release-macos-arm64, r-release-macos-x86_64, r-release-windows-x86_64, r-oldrel-macos-arm64, r-oldrel-macos-x86_64, r-oldrel-windows-ix86+x86_64
Version: 1.1
Check: compiled code
Result: NOTE
File ‘poisDoubleSamp/libs/poisDoubleSamp.so’:
Found no calls to: ‘R_registerRoutines’, ‘R_useDynamicSymbols’
It is good practice to register native routines and to disable symbol
search.
See ‘Writing portable packages’ in the ‘Writing R Extensions’ manual.
Flavors: r-devel-linux-x86_64-fedora-clang, r-devel-linux-x86_64-fedora-gcc