Last updated on 2022-04-24 03:52:34 CEST.
Flavor | Version | Tinstall | Tcheck | Ttotal | Status | Flags |
---|---|---|---|---|---|---|
r-devel-linux-x86_64-debian-clang | 1.2 | 7.95 | 86.86 | 94.81 | NOTE | |
r-devel-linux-x86_64-debian-gcc | 1.2 | 7.07 | 62.58 | 69.65 | NOTE | |
r-devel-linux-x86_64-fedora-clang | 1.2 | 114.17 | NOTE | |||
r-devel-linux-x86_64-fedora-gcc | 1.2 | 100.96 | NOTE | |||
r-patched-linux-x86_64 | 1.2 | 9.15 | 83.12 | 92.27 | NOTE | |
r-release-linux-x86_64 | 1.2 | 6.59 | 80.46 | 87.05 | NOTE | |
r-release-macos-arm64 | 1.2 | NOTE | ||||
r-release-macos-x86_64 | 1.2 | NOTE | ||||
r-release-windows-x86_64 | 1.2 | 53.00 | 93.00 | 146.00 | NOTE | |
r-oldrel-macos-arm64 | 1.2 | NOTE | ||||
r-oldrel-macos-x86_64 | 1.2 | NOTE | ||||
r-oldrel-windows-ix86+x86_64 | 1.2 | 14.00 | 65.00 | 79.00 | NOTE |
Version: 1.2
Check: R code for possible problems
Result: NOTE
bjkmodel: no visible global function definition for 'dpois'
bjmodel: no visible global function definition for 'dpois'
bjmodel: no visible global function definition for 'runif'
bkmodel: no visible global function definition for 'dpois'
init1.1.jk.j: no visible global function definition for 'coefficients'
init1.1.jk.j: no visible global function definition for 'glm'
init1.1.jk.j: no visible global function definition for 'poisson'
init1.1.jk.j: no visible global function definition for 'runif'
init1.1.jk.j: no visible global function definition for 'rnorm'
init1.1.jk.j: no visible global function definition for 'dpois'
init1.2.jk.j: no visible global function definition for 'dpois'
init1.2.jk.j: no visible global function definition for 'runif'
init1.k: no visible global function definition for 'coefficients'
init1.k: no visible global function definition for 'glm'
init1.k: no visible global function definition for 'poisson'
init1.k: no visible global function definition for 'rnorm'
init1.k: no visible global function definition for 'dpois'
init2.jk.j: no visible global function definition for 'runif'
init2.jk.j: no visible global function definition for 'kmeans'
init2.jk.j: no visible global function definition for 'rnorm'
init2.jk.j: no visible global function definition for 'glm'
init2.jk.j: no visible binding for global variable 'poisson'
init2.jk.j: no visible global function definition for 'dpois'
init2.k: no visible global function definition for 'runif'
init2.k: no visible global function definition for 'rnorm'
init2.k: no visible global function definition for 'glm'
init2.k: no visible binding for global variable 'poisson'
init2.k: no visible global function definition for 'dpois'
mylogLikePoisMix: no visible global function definition for 'dpois'
pois.glm.mix: no visible global function definition for 'dev.new'
pois.glm.mix: no visible global function definition for 'lines'
pois.glm.mix: no visible global function definition for 'legend'
pois.glm.mix: no visible global function definition for 'dev.set'
pois.glm.mix: no visible global function definition for 'par'
pois.glm.mix: no visible global function definition for 'curve'
Undefined global functions or variables:
coefficients curve dev.new dev.set dpois glm kmeans legend lines par
poisson rnorm runif
Consider adding
importFrom("grDevices", "dev.new", "dev.set")
importFrom("graphics", "curve", "legend", "lines", "par")
importFrom("stats", "coefficients", "dpois", "glm", "kmeans",
"poisson", "rnorm", "runif")
to your NAMESPACE file.
Flavors: r-devel-linux-x86_64-debian-clang, r-devel-linux-x86_64-debian-gcc, r-devel-linux-x86_64-fedora-clang, r-devel-linux-x86_64-fedora-gcc, r-patched-linux-x86_64, r-release-linux-x86_64, r-release-macos-arm64, r-release-macos-x86_64, r-release-windows-x86_64, r-oldrel-macos-arm64, r-oldrel-macos-x86_64, r-oldrel-windows-ix86+x86_64