Last updated on 2022-04-24 03:52:34 CEST.
Flavor | Version | Tinstall | Tcheck | Ttotal | Status | Flags |
---|---|---|---|---|---|---|
r-devel-linux-x86_64-debian-clang | 0.8.8 | 3.51 | 35.22 | 38.73 | NOTE | |
r-devel-linux-x86_64-debian-gcc | 0.8.8 | 2.32 | 27.40 | 29.72 | NOTE | |
r-devel-linux-x86_64-fedora-clang | 0.8.8 | 48.41 | NOTE | |||
r-devel-linux-x86_64-fedora-gcc | 0.8.8 | 36.11 | NOTE | |||
r-patched-linux-x86_64 | 0.8.8 | 3.57 | 34.83 | 38.40 | NOTE | |
r-release-linux-x86_64 | 0.8.8 | 2.70 | 33.72 | 36.42 | NOTE | |
r-release-macos-arm64 | 0.8.8 | NOTE | ||||
r-release-macos-x86_64 | 0.8.8 | NOTE | ||||
r-release-windows-x86_64 | 0.8.8 | 22.00 | 48.00 | 70.00 | NOTE | |
r-oldrel-macos-arm64 | 0.8.8 | NOTE | ||||
r-oldrel-macos-x86_64 | 0.8.8 | NOTE | ||||
r-oldrel-windows-ix86+x86_64 | 0.8.8 | 6.00 | 29.00 | 35.00 | NOTE |
Version: 0.8.8
Check: LazyData
Result: NOTE
'LazyData' is specified without a 'data' directory
Flavors: r-devel-linux-x86_64-debian-clang, r-devel-linux-x86_64-debian-gcc, r-devel-linux-x86_64-fedora-clang, r-devel-linux-x86_64-fedora-gcc, r-patched-linux-x86_64, r-release-linux-x86_64, r-release-macos-arm64, r-release-macos-x86_64, r-release-windows-x86_64, r-oldrel-macos-arm64, r-oldrel-macos-x86_64, r-oldrel-windows-ix86+x86_64