Last updated on 2022-04-24 03:52:34 CEST.
Flavor | Version | Tinstall | Tcheck | Ttotal | Status | Flags |
---|---|---|---|---|---|---|
r-devel-linux-x86_64-debian-clang | 0.0.1 | 3.75 | 46.19 | 49.94 | NOTE | |
r-devel-linux-x86_64-debian-gcc | 0.0.1 | 3.38 | 34.91 | 38.29 | NOTE | |
r-devel-linux-x86_64-fedora-clang | 0.0.1 | 60.50 | NOTE | |||
r-devel-linux-x86_64-fedora-gcc | 0.0.1 | 47.58 | NOTE | |||
r-patched-linux-x86_64 | 0.0.1 | 3.27 | 43.92 | 47.19 | NOTE | |
r-release-linux-x86_64 | 0.0.1 | 2.32 | 42.59 | 44.91 | NOTE | |
r-release-macos-arm64 | 0.0.1 | NOTE | ||||
r-release-macos-x86_64 | 0.0.1 | NOTE | ||||
r-release-windows-x86_64 | 0.0.1 | 9.00 | 69.00 | 78.00 | NOTE | |
r-oldrel-macos-arm64 | 0.0.1 | NOTE | ||||
r-oldrel-macos-x86_64 | 0.0.1 | NOTE | ||||
r-oldrel-windows-ix86+x86_64 | 0.0.1 | 10.00 | 54.00 | 64.00 | NOTE |
Version: 0.0.1
Check: LazyData
Result: NOTE
'LazyData' is specified without a 'data' directory
Flavors: r-devel-linux-x86_64-debian-clang, r-devel-linux-x86_64-debian-gcc, r-devel-linux-x86_64-fedora-clang, r-devel-linux-x86_64-fedora-gcc, r-patched-linux-x86_64, r-release-linux-x86_64, r-release-macos-arm64, r-release-macos-x86_64, r-release-windows-x86_64, r-oldrel-macos-arm64, r-oldrel-macos-x86_64, r-oldrel-windows-ix86+x86_64
Version: 0.0.1
Check: dependencies in R code
Result: NOTE
Namespaces in Imports field not imported from:
‘argonDash’ ‘argonR’ ‘colourpicker’ ‘ggplot2’ ‘grid’ ‘hexSticker’
‘png’ ‘shinyWidgets’
All declared Imports should be used.
Flavors: r-devel-linux-x86_64-fedora-clang, r-devel-linux-x86_64-fedora-gcc, r-release-macos-arm64, r-release-macos-x86_64, r-oldrel-macos-arm64, r-oldrel-macos-x86_64