Last updated on 2022-04-24 03:52:34 CEST.
Flavor | Version | Tinstall | Tcheck | Ttotal | Status | Flags |
---|---|---|---|---|---|---|
r-devel-linux-x86_64-debian-clang | 1.2.1.14 | 6.13 | 68.83 | 74.96 | OK | |
r-devel-linux-x86_64-debian-gcc | 1.2.1.14 | 4.93 | 50.17 | 55.10 | OK | |
r-devel-linux-x86_64-fedora-clang | 1.2.1.14 | 89.32 | NOTE | |||
r-devel-linux-x86_64-fedora-gcc | 1.2.1.14 | 73.72 | NOTE | |||
r-patched-linux-x86_64 | 1.2.1.14 | 6.29 | 66.11 | 72.40 | OK | |
r-release-linux-x86_64 | 1.2.1.14 | 4.97 | 62.80 | 67.77 | OK | |
r-release-macos-arm64 | 1.2.1.14 | NOTE | ||||
r-release-macos-x86_64 | 1.2.1.14 | NOTE | ||||
r-release-windows-x86_64 | 1.2.1.14 | 19.00 | 79.00 | 98.00 | OK | |
r-oldrel-macos-arm64 | 1.2.1.14 | NOTE | ||||
r-oldrel-macos-x86_64 | 1.2.1.14 | NOTE | ||||
r-oldrel-windows-ix86+x86_64 | 1.2.1.14 | 15.00 | 73.00 | 88.00 | OK |
Version: 1.2.1.14
Check: dependencies in R code
Result: NOTE
Namespaces in Imports field not imported from:
‘MASS’ ‘car’ ‘formula.tools’ ‘ggplot2’ ‘gplots’ ‘graphics’ ‘purrr’
‘rstatix’ ‘stringr’ ‘tidyverse’
All declared Imports should be used.
Flavors: r-devel-linux-x86_64-fedora-clang, r-devel-linux-x86_64-fedora-gcc, r-release-macos-arm64, r-release-macos-x86_64, r-oldrel-macos-arm64, r-oldrel-macos-x86_64
Version: 1.2.1.14
Check: data for non-ASCII characters
Result: NOTE
Note: found 2 marked UTF-8 strings
Flavors: r-devel-linux-x86_64-fedora-clang, r-devel-linux-x86_64-fedora-gcc, r-release-macos-arm64, r-release-macos-x86_64, r-oldrel-macos-arm64, r-oldrel-macos-x86_64