Last updated on 2022-04-24 03:52:34 CEST.
Flavor | Version | Tinstall | Tcheck | Ttotal | Status | Flags |
---|---|---|---|---|---|---|
r-devel-linux-x86_64-debian-clang | 0.6.1 | 12.69 | 107.02 | 119.71 | OK | |
r-devel-linux-x86_64-debian-gcc | 0.6.1 | 10.30 | 78.03 | 88.33 | OK | |
r-devel-linux-x86_64-fedora-clang | 0.6.1 | 143.03 | NOTE | |||
r-devel-linux-x86_64-fedora-gcc | 0.6.1 | 132.16 | OK | |||
r-patched-linux-x86_64 | 0.6.1 | 13.72 | 101.80 | 115.52 | OK | |
r-release-linux-x86_64 | 0.6.1 | 9.34 | 94.40 | 103.74 | OK | |
r-release-macos-arm64 | 0.6.1 | OK | ||||
r-release-macos-x86_64 | 0.6.1 | OK | ||||
r-release-windows-x86_64 | 0.6.1 | 68.00 | 144.00 | 212.00 | OK | |
r-oldrel-macos-arm64 | 0.6.1 | OK | ||||
r-oldrel-macos-x86_64 | 0.6.1 | OK | ||||
r-oldrel-windows-ix86+x86_64 | 0.6.1 | 25.00 | 126.00 | 151.00 | OK |
Version: 0.6.1
Check: package dependencies
Result: NOTE
Imports includes 23 non-default packages.
Importing from so many packages makes the package vulnerable to any of
them becoming unavailable. Move as many as possible to Suggests and
use conditionally.
Flavor: r-devel-linux-x86_64-fedora-clang