Last updated on 2022-04-24 03:52:34 CEST.
Flavor | Version | Tinstall | Tcheck | Ttotal | Status | Flags |
---|---|---|---|---|---|---|
r-devel-linux-x86_64-debian-clang | 0.1.1 | 3.59 | 46.77 | 50.36 | NOTE | |
r-devel-linux-x86_64-debian-gcc | 0.1.1 | 3.44 | 36.54 | 39.98 | NOTE | |
r-devel-linux-x86_64-fedora-clang | 0.1.1 | 62.34 | NOTE | |||
r-devel-linux-x86_64-fedora-gcc | 0.1.1 | 50.23 | NOTE | |||
r-patched-linux-x86_64 | 0.1.1 | 4.17 | 47.07 | 51.24 | NOTE | |
r-release-linux-x86_64 | 0.1.1 | 4.18 | 44.30 | 48.48 | NOTE | |
r-release-macos-arm64 | 0.1.1 | NOTE | ||||
r-release-macos-x86_64 | 0.1.1 | NOTE | ||||
r-release-windows-x86_64 | 0.1.1 | 12.00 | 69.00 | 81.00 | NOTE | |
r-oldrel-macos-arm64 | 0.1.1 | NOTE | ||||
r-oldrel-macos-x86_64 | 0.1.1 | NOTE | ||||
r-oldrel-windows-ix86+x86_64 | 0.1.1 | 11.00 | 57.00 | 68.00 | NOTE |
Version: 0.1.1
Check: LazyData
Result: NOTE
'LazyData' is specified without a 'data' directory
Flavors: r-devel-linux-x86_64-debian-clang, r-devel-linux-x86_64-debian-gcc, r-devel-linux-x86_64-fedora-clang, r-devel-linux-x86_64-fedora-gcc, r-patched-linux-x86_64, r-release-linux-x86_64, r-release-macos-arm64, r-release-macos-x86_64, r-release-windows-x86_64, r-oldrel-macos-arm64, r-oldrel-macos-x86_64, r-oldrel-windows-ix86+x86_64
Version: 0.1.1
Check: Rd cross-references
Result: NOTE
Undeclared package ‘purrr’ in Rd xrefs
Flavor: r-devel-linux-x86_64-fedora-clang