Last updated on 2022-04-24 03:52:34 CEST.
Flavor | Version | Tinstall | Tcheck | Ttotal | Status | Flags |
---|---|---|---|---|---|---|
r-devel-linux-x86_64-debian-clang | 0.8.6 | 11.46 | 146.63 | 158.09 | OK | |
r-devel-linux-x86_64-debian-gcc | 0.8.6 | 9.07 | 108.19 | 117.26 | OK | |
r-devel-linux-x86_64-fedora-clang | 0.8.6 | 187.88 | NOTE | |||
r-devel-linux-x86_64-fedora-gcc | 0.8.6 | 170.89 | NOTE | |||
r-patched-linux-x86_64 | 0.8.6 | 17.77 | 137.62 | 155.39 | OK | |
r-release-linux-x86_64 | 0.8.6 | 10.72 | 131.40 | 142.12 | OK | |
r-release-macos-arm64 | 0.8.6 | NOTE | ||||
r-release-macos-x86_64 | 0.8.6 | NOTE | ||||
r-release-windows-x86_64 | 0.8.6 | 28.00 | 158.00 | 186.00 | OK | |
r-oldrel-macos-arm64 | 0.8.6 | NOTE | ||||
r-oldrel-macos-x86_64 | 0.8.6 | NOTE | ||||
r-oldrel-windows-ix86+x86_64 | 0.8.6 | 24.00 | 149.00 | 173.00 | OK |
Version: 0.8.6
Check: data for non-ASCII characters
Result: NOTE
Note: found 52 marked UTF-8 strings
Flavors: r-devel-linux-x86_64-fedora-clang, r-devel-linux-x86_64-fedora-gcc, r-release-macos-arm64, r-release-macos-x86_64, r-oldrel-macos-arm64, r-oldrel-macos-x86_64