Last updated on 2022-04-24 03:52:34 CEST.
Flavor | Version | Tinstall | Tcheck | Ttotal | Status | Flags |
---|---|---|---|---|---|---|
r-devel-linux-x86_64-debian-clang | 1.0.1 | 19.21 | 197.64 | 216.85 | NOTE | |
r-devel-linux-x86_64-debian-gcc | 1.0.1 | 14.99 | 145.56 | 160.55 | NOTE | |
r-devel-linux-x86_64-fedora-clang | 1.0.1 | 268.70 | NOTE | |||
r-devel-linux-x86_64-fedora-gcc | 1.0.1 | 236.20 | NOTE | |||
r-patched-linux-x86_64 | 1.0.1 | 16.16 | 186.82 | 202.98 | NOTE | |
r-release-linux-x86_64 | 1.0.1 | 14.64 | 171.19 | 185.83 | NOTE | |
r-release-macos-arm64 | 1.0.1 | NOTE | ||||
r-release-macos-x86_64 | 1.0.1 | NOTE | ||||
r-release-windows-x86_64 | 1.0.1 | 28.00 | 179.00 | 207.00 | NOTE | |
r-oldrel-macos-arm64 | 1.0.1 | NOTE | ||||
r-oldrel-macos-x86_64 | 1.0.1 | NOTE | ||||
r-oldrel-windows-ix86+x86_64 | 1.0.1 | 44.00 | 193.00 | 237.00 | NOTE |
Version: 1.0.1
Check: package dependencies
Result: NOTE
Package suggested but not available for checking: 'pollimetrydata'
Flavors: r-devel-linux-x86_64-debian-clang, r-devel-linux-x86_64-debian-gcc, r-devel-linux-x86_64-fedora-clang, r-devel-linux-x86_64-fedora-gcc, r-patched-linux-x86_64, r-release-linux-x86_64, r-release-macos-arm64, r-release-macos-x86_64, r-release-windows-x86_64, r-oldrel-macos-arm64, r-oldrel-macos-x86_64, r-oldrel-windows-ix86+x86_64