Last updated on 2022-04-24 03:52:34 CEST.
Flavor | Version | Tinstall | Tcheck | Ttotal | Status | Flags |
---|---|---|---|---|---|---|
r-devel-linux-x86_64-debian-clang | 0.6-4 | 3.56 | 54.47 | 58.03 | NOTE | |
r-devel-linux-x86_64-debian-gcc | 0.6-4 | 3.45 | 42.78 | 46.23 | NOTE | |
r-devel-linux-x86_64-fedora-clang | 0.6-4 | 74.56 | NOTE | |||
r-devel-linux-x86_64-fedora-gcc | 0.6-4 | 61.55 | NOTE | |||
r-patched-linux-x86_64 | 0.6-4 | 5.55 | 54.14 | 59.69 | NOTE | |
r-release-linux-x86_64 | 0.6-4 | 3.82 | 53.31 | 57.13 | NOTE | |
r-release-macos-arm64 | 0.6-4 | OK | ||||
r-release-macos-x86_64 | 0.6-4 | OK | ||||
r-release-windows-x86_64 | 0.6-4 | 68.00 | 98.00 | 166.00 | OK | |
r-oldrel-macos-arm64 | 0.6-4 | OK | ||||
r-oldrel-macos-x86_64 | 0.6-4 | OK | ||||
r-oldrel-windows-ix86+x86_64 | 0.6-4 | 8.00 | 66.00 | 74.00 | OK |
Version: 0.6-4
Check: for non-standard things in the check directory
Result: NOTE
Found the following files/directories:
'test-data.R' 'test-inits.R' 'test.bug' 'test.cmd'
Flavors: r-devel-linux-x86_64-debian-clang, r-devel-linux-x86_64-debian-gcc, r-devel-linux-x86_64-fedora-clang, r-devel-linux-x86_64-fedora-gcc, r-patched-linux-x86_64, r-release-linux-x86_64
Version: 0.6-4
Check: Rd cross-references
Result: NOTE
Undeclared package ‘Rcmdr’ in Rd xrefs
Flavor: r-devel-linux-x86_64-fedora-clang