Last updated on 2022-04-24 03:52:34 CEST.
Flavor | Version | Tinstall | Tcheck | Ttotal | Status | Flags |
---|---|---|---|---|---|---|
r-devel-linux-x86_64-debian-clang | 1.7 | 5.43 | 49.53 | 54.96 | OK | |
r-devel-linux-x86_64-debian-gcc | 1.7 | 3.16 | 39.16 | 42.32 | OK | |
r-devel-linux-x86_64-fedora-clang | 1.7 | 69.56 | OK | |||
r-devel-linux-x86_64-fedora-gcc | 1.7 | 57.08 | OK | |||
r-patched-linux-x86_64 | 1.7 | 5.40 | 48.85 | 54.25 | OK | |
r-release-linux-x86_64 | 1.7 | 3.45 | 49.16 | 52.61 | NOTE | |
r-release-macos-arm64 | 1.7 | OK | ||||
r-release-macos-x86_64 | 1.7 | OK | ||||
r-release-windows-x86_64 | 1.7 | 24.00 | 85.00 | 109.00 | OK | |
r-oldrel-macos-arm64 | 1.7 | OK | ||||
r-oldrel-macos-x86_64 | 1.7 | OK | ||||
r-oldrel-windows-ix86+x86_64 | 1.7 | 12.00 | 71.00 | 83.00 | OK |
Version: 1.7
Check: DESCRIPTION meta-information
Result: NOTE
Dependence on R version ‘3.6.2’ not with patchlevel 0
Flavor: r-release-linux-x86_64