Last updated on 2022-04-24 03:52:34 CEST.
Flavor | Version | Tinstall | Tcheck | Ttotal | Status | Flags |
---|---|---|---|---|---|---|
r-devel-linux-x86_64-debian-clang | 1.1.2 | 523.42 | 1247.16 | 1770.58 | OK | |
r-devel-linux-x86_64-debian-gcc | 1.1.2 | 385.01 | 861.11 | 1246.12 | OK | |
r-devel-linux-x86_64-fedora-clang | 1.1.2 | 2424.20 | NOTE | |||
r-devel-linux-x86_64-fedora-gcc | 1.1.2 | 2362.50 | OK | |||
r-patched-linux-x86_64 | 1.1.2 | 424.44 | 1182.39 | 1606.83 | OK | |
r-release-linux-x86_64 | 1.1.2 | 466.78 | 1166.71 | 1633.49 | OK | |
r-release-macos-arm64 | 1.1.2 | NOTE | ||||
r-release-macos-x86_64 | 1.1.2 | NOTE | ||||
r-release-windows-x86_64 | 1.1.2 | 433.00 | 894.00 | 1327.00 | NOTE | |
r-oldrel-macos-arm64 | 1.1.2 | NOTE | ||||
r-oldrel-macos-x86_64 | 1.1.2 | NOTE | ||||
r-oldrel-windows-ix86+x86_64 | 1.1.2 | 566.00 | 1042.00 | 1608.00 | NOTE |
Version: 1.1.2
Check: installed package size
Result: NOTE
installed size is 12.1Mb
sub-directories of 1Mb or more:
R 6.5Mb
data 4.6Mb
Flavors: r-devel-linux-x86_64-fedora-clang, r-release-macos-arm64, r-release-macos-x86_64, r-release-windows-x86_64, r-oldrel-macos-arm64, r-oldrel-macos-x86_64, r-oldrel-windows-ix86+x86_64
Version: 1.1.2
Check: package dependencies
Result: NOTE
Package suggested but not available for checking: ‘polyRAD’
Flavors: r-release-macos-arm64, r-oldrel-macos-arm64
Version: 1.1.2
Check: Rd cross-references
Result: NOTE
Package unavailable to check Rd xrefs: ‘polyRAD’
Flavors: r-release-macos-arm64, r-oldrel-macos-arm64