Last updated on 2022-04-24 03:52:34 CEST.
Flavor | Version | Tinstall | Tcheck | Ttotal | Status | Flags |
---|---|---|---|---|---|---|
r-devel-linux-x86_64-debian-clang | 0.0.2 | 1.98 | 54.30 | 56.28 | NOTE | |
r-devel-linux-x86_64-debian-gcc | 0.0.2 | 1.63 | 40.47 | 42.10 | NOTE | |
r-devel-linux-x86_64-fedora-clang | 0.0.2 | 67.11 | NOTE | |||
r-devel-linux-x86_64-fedora-gcc | 0.0.2 | 55.33 | NOTE | |||
r-patched-linux-x86_64 | 0.0.2 | 2.15 | 52.23 | 54.38 | NOTE | |
r-release-linux-x86_64 | 0.0.2 | 2.24 | 47.85 | 50.09 | NOTE | |
r-release-macos-arm64 | 0.0.2 | NOTE | ||||
r-release-macos-x86_64 | 0.0.2 | NOTE | ||||
r-release-windows-x86_64 | 0.0.2 | 8.00 | 73.00 | 81.00 | NOTE | |
r-oldrel-macos-arm64 | 0.0.2 | NOTE | ||||
r-oldrel-macos-x86_64 | 0.0.2 | NOTE | ||||
r-oldrel-windows-ix86+x86_64 | 0.0.2 | 6.00 | 62.00 | 68.00 | NOTE |
Version: 0.0.2
Check: LazyData
Result: NOTE
'LazyData' is specified without a 'data' directory
Flavors: r-devel-linux-x86_64-debian-clang, r-devel-linux-x86_64-debian-gcc, r-devel-linux-x86_64-fedora-clang, r-devel-linux-x86_64-fedora-gcc, r-patched-linux-x86_64, r-release-linux-x86_64, r-release-macos-arm64, r-release-macos-x86_64, r-release-windows-x86_64, r-oldrel-macos-arm64, r-oldrel-macos-x86_64, r-oldrel-windows-ix86+x86_64