Last updated on 2022-04-24 03:52:34 CEST.
Flavor | Version | Tinstall | Tcheck | Ttotal | Status | Flags |
---|---|---|---|---|---|---|
r-devel-linux-x86_64-debian-clang | 0.0.9 | 42.75 | 117.16 | 159.91 | OK | |
r-devel-linux-x86_64-debian-gcc | 0.0.9 | 28.96 | 86.94 | 115.90 | OK | |
r-devel-linux-x86_64-fedora-clang | 0.0.9 | 197.77 | NOTE | |||
r-devel-linux-x86_64-fedora-gcc | 0.0.9 | 175.98 | OK | |||
r-patched-linux-x86_64 | 0.0.9 | 32.24 | 113.89 | 146.13 | OK | |
r-release-linux-x86_64 | 0.0.9 | 24.73 | 112.14 | 136.87 | OK | |
r-release-macos-arm64 | 0.0.9 | NOTE | ||||
r-release-macos-x86_64 | 0.0.9 | NOTE | ||||
r-release-windows-x86_64 | 0.0.9 | 67.00 | 161.00 | 228.00 | NOTE | |
r-oldrel-macos-arm64 | 0.0.9 | NOTE | ||||
r-oldrel-macos-x86_64 | 0.0.9 | NOTE | ||||
r-oldrel-windows-ix86+x86_64 | 0.0.9 | 87.00 | 184.00 | 271.00 | NOTE |
Version: 0.0.9
Check: installed package size
Result: NOTE
installed size is 5.7Mb
sub-directories of 1Mb or more:
data 2.6Mb
doc 1.7Mb
Flavors: r-devel-linux-x86_64-fedora-clang, r-release-macos-arm64, r-release-macos-x86_64, r-release-windows-x86_64, r-oldrel-macos-arm64, r-oldrel-macos-x86_64, r-oldrel-windows-ix86+x86_64