Last updated on 2022-04-24 03:52:34 CEST.
Flavor | Version | Tinstall | Tcheck | Ttotal | Status | Flags |
---|---|---|---|---|---|---|
r-devel-linux-x86_64-debian-clang | 1.0.0 | 21.42 | 29.82 | 51.24 | OK | |
r-devel-linux-x86_64-debian-gcc | 1.0.0 | 17.91 | 23.00 | 40.91 | OK | |
r-devel-linux-x86_64-fedora-clang | 1.0.0 | 66.23 | NOTE | |||
r-devel-linux-x86_64-fedora-gcc | 1.0.0 | 53.62 | OK | |||
r-patched-linux-x86_64 | 1.0.0 | 17.54 | 28.42 | 45.96 | OK | |
r-release-linux-x86_64 | 1.0.0 | 16.16 | 28.28 | 44.44 | OK | |
r-release-macos-arm64 | 1.0.0 | OK | ||||
r-release-macos-x86_64 | 1.0.0 | OK | ||||
r-release-windows-x86_64 | 1.0.0 | 95.00 | 46.00 | 141.00 | OK | |
r-oldrel-macos-arm64 | 1.0.0 | OK | ||||
r-oldrel-macos-x86_64 | 1.0.0 | OK | ||||
r-oldrel-windows-ix86+x86_64 | 1.0.0 | 61.00 | 31.00 | 92.00 | OK |
Version: 1.0.0
Check: Rd cross-references
Result: NOTE
Undeclared package ‘pomdp’ in Rd xrefs
Flavor: r-devel-linux-x86_64-fedora-clang