Last updated on 2022-04-24 03:52:34 CEST.
Flavor | Version | Tinstall | Tcheck | Ttotal | Status | Flags |
---|---|---|---|---|---|---|
r-devel-linux-x86_64-debian-clang | 0.1.6 | 5.72 | 64.39 | 70.11 | NOTE | |
r-devel-linux-x86_64-debian-gcc | 0.1.6 | 4.37 | 48.70 | 53.07 | NOTE | |
r-devel-linux-x86_64-fedora-clang | 0.1.6 | 85.33 | NOTE | |||
r-devel-linux-x86_64-fedora-gcc | 0.1.6 | 72.12 | NOTE | |||
r-patched-linux-x86_64 | 0.1.6 | 7.89 | 61.19 | 69.08 | NOTE | |
r-release-linux-x86_64 | 0.1.6 | 4.87 | 59.18 | 64.05 | NOTE | |
r-release-macos-arm64 | 0.1.6 | NOTE | ||||
r-release-macos-x86_64 | 0.1.6 | NOTE | ||||
r-release-windows-x86_64 | 0.1.6 | 39.00 | 95.00 | 134.00 | NOTE | |
r-oldrel-macos-arm64 | 0.1.6 | NOTE | ||||
r-oldrel-macos-x86_64 | 0.1.6 | NOTE | ||||
r-oldrel-windows-ix86+x86_64 | 0.1.6 | 15.00 | 81.00 | 96.00 | NOTE |
Version: 0.1.6
Check: LazyData
Result: NOTE
'LazyData' is specified without a 'data' directory
Flavors: r-devel-linux-x86_64-debian-clang, r-devel-linux-x86_64-debian-gcc, r-devel-linux-x86_64-fedora-clang, r-devel-linux-x86_64-fedora-gcc, r-patched-linux-x86_64, r-release-linux-x86_64, r-release-macos-arm64, r-release-macos-x86_64, r-release-windows-x86_64, r-oldrel-macos-arm64, r-oldrel-macos-x86_64, r-oldrel-windows-ix86+x86_64